+ 28. What is t(1)?
2253
Let v(c) = c**3 + 8*c**2 - 22*c + 72. What is v(-10)?
92
Let u(r) = -r**2 - 3526*r - 275708. Calculate u(-80).
-28
Let a(h) = -79*h**2 - 49*h - 729. Calculate a(-5).
-2459
Let u(q) = 7140*q - 57649. What is u(8)?
-529
Let l(h) = 2849*h**3 + 14*h**2 - 17*h + 2. Determine l(1).
2848
Let b(p) = p**2 + 45*p - 219. Calculate b(-19).
-713
Let z(j) = 40*j + 7251. What is z(-190)?
-349
Let t(c) = 3*c**3 - 41*c**2 - 62*c + 22. Determine t(15).
-8
Let i(w) = -300*w**2 - 3289*w + 5. What is i(-11)?
-116
Let o(j) = -926*j - 149072. Give o(-161).
14
Let l(z) = 2*z**3 - 38*z**2 + 67*z - 5. Calculate l(0).
-5
Let d(o) = 9*o**2 - 2551*o + 19833. Determine d(8).
1
Let b(a) = 410*a + 2865. Give b(-7).
-5
Let d(q) = 7*q**2 - 439*q - 1030. What is d(65)?
10
Let a(r) = -12*r**2 + 433*r - 3399. What is a(14)?
311
Let u(y) = 73819*y - 885873. What is u(12)?
-45
Let r(b) = 1193*b - 12114. Calculate r(10).
-184
Let x(z) = -227*z - 1578. Calculate x(-6).
-216
Let x(i) = 695*i**2 + 313*i - 309. Give x(1).
699
Let k(p) = 2*p**3 + 225*p**2 + 102*p + 466. What is k(-112)?
1586
Let n(y) = 1248*y + 152250. Determine n(-122).
-6
Let g(x) = x**2 + 8429*x + 360530. Determine g(-43).
-68
Let v(f) = 36*f**3 + 200*f**2 + 220*f - 25. Give v(-4).
-9
Let p(d) = 7*d**3 + 669*d**2 - 286*d + 198. Calculate p(-96).
6
Let r(q) = -2*q**3 - 31*q**2 - 1897*q - 12446. What is r(-7)?
0
Let d(p) = 9*p**2 + 139*p - 52. Determine d(-18).
362
Let p(n) = n**3 + 37*n**2 - 177*n + 1392. Give p(-42).
6
Let n(d) = 31579*d - 252394. What is n(8)?
238
Let g(p) = p**3 - 488*p**2 + 44404*p + 1151. Determine g(367).
50
Let j(r) = -r**2 + 118*r - 2641. Calculate j(29).
-60
Let j(l) = l**2 + 1416*l - 87017. Determine j(59).
8
Let j(r) = -2*r**3 + 228*r**2 - 8682*r + 1024863. Determine j(115).
-17
Let w(r) = r**2 + 97*r - 6963. What is w(-145)?
-3
Let a(b) = 50995*b - 152941. Determine a(3).
44
Let g(w) = w**2 - 2139*w - 15061. What is g(-7)?
-39
Let r(i) = 16207*i - 664479. Determine r(41).
8
Let g(a) = -184*a**2 - 276*a + 831. Give g(-3).
3
Let b(m) = -m**3 + 32*m**2 + 116*m - 7186. Determine b(25).
89
Let c(n) = n**3 - 39*n**2 + 335*n + 21. Give c(13).
-18
Let o(r) = -2*r**3 + 372*r**2 + 47*r - 8730. Determine o(186).
12
Let t(v) = 2*v**2 - 141*v + 2251. Determine t(25).
-24
Let q(x) = x**3 + 16*x**2 - 115*x + 53. Calculate q(9).
1043
Let h(j) = -31591*j - 379213. Determine h(-12).
-121
Let j(a) = -94*a**2 - 1155*a + 2252. Determine j(-14).
-2
Let c(f) = -2927*f - 184409. Calculate c(-63).
-8
Let p(t) = 42337*t - 762071. Calculate p(18).
-5
Let g(w) = 847*w**2 - 1657*w + 9. What is g(2)?
83
Let d(r) = -2*r**3 + 314*r**2 + 7081*r - 173. What is d(177)?
4
Let p(m) = -10673*m - 128049. Determine p(-12).
27
Let s(c) = c**3 - 16*c**2 - 1425*c + 20290. Determine s(14).
-52
Let a(g) = 29*g**2 - 3372*g - 3363. Give a(-1).
38
Let h(k) = -k**2 + 68*k - 435. What is h(59)?
96
Let d(x) = 7*x**3 - 2*x**2 - 53*x + 18. Calculate d(4).
222
Let u(b) = -42*b**2 + 3123*b + 3123. Calculate u(-1).
-42
Let b(l) = -1009*l + 7644. Give b(8).
-428
Let d(j) = 6*j**2 + 458*j + 3670. Calculate d(-9).
34
Let d(t) = -t**3 - 156*t**2 - 2008*t - 283. Determine d(-14).
-3
Let u(s) = 129362*s + 1681536. Calculate u(-13).
-170
Let i(w) = -9399*w + 7293610. What is i(776)?
-14
Let b(c) = 1165*c + 25639. Give b(-22).
9
Let k(p) = 22*p + 5299. What is k(-237)?
85
Let x(z) = 6*z**2 + 17*z - 187. Calculate x(4).
-23
Let y(s) = -s**3 + 122*s**2 - 244*s + 411. What is y(120)?
-69
Let d(o) = 2*o**3 - 12*o**2 + 83*o - 451. Calculate d(5).
-86
Let h(r) = -3*r**3 + 26*r**2 - 145*r + 1751. Calculate h(13).
-2331
Let q(v) = -17*v**3 + 22*v**2 - 191*v + 309. Determine q(3).
-525
Let s(p) = 734799*p - 1469592. Determine s(2).
6
Let v(d) = 19127*d - 191284. Calculate v(10).
-14
Let a(v) = 19472*v - 409027. What is a(21)?
-115
Let d(c) = c**2 + 2063*c + 32757. What is d(-16)?
5
Let y(i) = -2*i**3 - 48*i**2 + 5546*i + 133108. What is y(-24)?
4
Let m(z) = 12*z + 53. Determine m(-11).
-79
Let d(m) = -12006*m - 83531. Calculate d(-7).
511
Let f(n) = 2*n**3 + 367*n**2 + 844*n + 189155. Give f(-184).
3
Let r(m) = 2*m**2 + 395*m - 3075. Determine r(-205).
0
Let a(s) = 5346*s - 272648. What is a(51)?
-2
Let x(y) = -658*y + 50441. Calculate x(76).
433
Let z(f) = 6814*f - 5498890. Determine z(807).
8
Let m(i) = -4501*i + 19174. Give m(4).
1170
Let y(d) = 4363*d + 3516608. Give y(-806).
30
Let l(m) = 3*m**3 - 38*m**2 + 27779*m - 361294. Give l(13).
2
Let h(d) = d**3 - 1670*d**2 + 151096*d + 769. Calculate h(96).
1
Let t(z) = -z**2 - 692867*z - 22170713. Determine t(-32).
7
Let v(s) = 8*s**2 - 196*s - 13766. Give v(-31).
-2
Let t(i) = -i**2 + 1008*i - 180573. Determine t(775).
2
Let b(t) = -23678*t - 213151. Determine b(-9).
-49
Let r(d) = -245*d**2 - 11843*d - 5. Determine r(-48).
3979
Let r(m) = -m**3 - 33*m**2 - 107*m - 421. Determine r(-30).
89
Let u(a) = 5*a**2 - 176*a - 269. What is u(36)?
-125
Let m(j) = 15640*j + 437900. Give m(-28).
-20
Let s(m) = m**2 - 1365*m + 290652. What is s(264)?
-12
Let k(s) = 13*s**2 + 91*s + 102. Calculate k(-8).
206
Let u(d) = 3616*d - 148386. Calculate u(41).
-130
Let y(r) = r**2 - 5645. What is y(74)?
-169
Let h(d) = -49*d**3 - 491*d**2 + 69*d + 866. Calculate h(-10).
76
Let u(j) = -j**3 - 265*j**2 - 9189*j - 1055. What is u(-224)?
65
Let w(p) = 462*p + 7269. Calculate w(-17).
-585
Let j(w) = 70*w**3 + 703*w**2 + 2832*w + 28016. Calculate j(-10).
-4
Let d(b) = -2*b**2 + 978*b - 3893. What is d(4)?
-13
Let t(u) = 22*u**3 - 2248*u**2 + 411*u - 305. Determine t(102).
1
Let i(x) = -41*x**2 - 38*x + 108. Give i(3).
-375
Let u(d) = -10025*d - 882188. Determine u(-88).
12
Let u(q) = q**2 + 179*q - 204970. What is u(-551)?
2
Let w(u) = -u**3 - 189*u**2 + 3600*u - 14268. Determine w(12).
-12
Let m(k) = -k**2 + 1025*k + 42516. Give m(-40).
-84
Let q(w) = 2*w**3 + 298*w**2 + 299*w + 207. What is q(-148)?
-237
Let j(x) = 1209*x**2 - 20554*x + 10. Give j(17).
-7
Let f(r) = -r**2 + 77*r + 73. Calculate f(59).
1135
Let p(a) = 102137*a + 204238. Determine p(-2).
-36
Let v(a) = -32*a**2 + 7799*a + 7798. Determine v(-1).
-33
Let p(u) = 14056*u - 28103. What is p(2)?
9
Let b(l) = -199*l + 2490. Calculate b(19).
-1291
Let x(v) = v**2 + 124*v - 6017. Calculate x(-159).
-452
Let f(i) = i**3 + 8*i**2 + 1210*i + 7272. What is f(-6)?
84
Let h(j) = 18*j**3 + 916*j**2 + 266*j + 18771. Calculate h(-51).
3
Let o(u) = 5189*u + 5218. Determine o(-1).
29
Let t(q) = -2530*q - 22784. What is t(-9)?
-14
Let d(p) = 1068*p - 1375. Give d(2).
761
Let x(i) = i**3 - 133*i**2 + 637*i + 322. Calculate x(128).
-62
Let q(w) = 64*w**2 - 5367*w - 5415. Give q(-1).
16
Let g(l) = -1197*l - 4459. What is g(-3)?
-868
Let d(y) = -9*y**2 + 377*y + 340. Give d(31).
3378
Let o(s) = 4*s**2 - 6801*s - 214686. What is o(-31)?
-11
Let j(m) = -2405*m + 3722955. Calculate j(1548).
15
Let g(d) = -d**3 + 34*d**2 - 312*d + 1432. What is g(23)?
75
Let b(o) = -20*o**2 + 6*o + 40. Determine b(-7).
-982
Let n(z) = -288*z + 7011. Determine n(25).
-189
Let s(m) = 2*m**3 - 4*m**2 - 93*m - 19. Give s(6).
-289
Let j(x) = -2*x**3 + 18*x**2 - 553*x + 3150. What is j(6)?
48
Let r(s) = 7*s**2 - 2471*s - 17662. Calculate r(-7).
-22
Let f(r) = -3*r**2 - 17915*r + 215399. Calculate f(12).
-13
Let v(y) = -y**3 - 32*y**2 - 80*y - 881. Determine v(-30).
-281
Let n(a) = -13507*a + 4754464. Give n(352).
0
Let y(h) = 3491*h + 1008873. Calculate y(-289).
-26
Let h(x) = -x**3 + 14*x**2 + 35*x - 78. What is h(17)?
-350
Let y(s) = -125*s + 7494. Give y(59).
119
Let g(o) = -4*o**2 - 181*o - 1674. Determine g(-13).
3
Let r(l) = 4*l**2 + 268*l + 3716. Determine r(-48).
68
Let j(i) = -101*i**2 + 41105*i + 874. Give j(407).
60
Let c(j) = -j**3 - 37*j**2 + 549*j + 299. Calculate c(-48).
-709
Let c(l) = l**2 + 216*l - 1821. What is c(8)?
-29
Let g(k) = -63473*k + 190379. Determine g(3).
-40
Let i(o) = -27*o**2 + 630*o + 5392. What is i(30)?
-8
Let h(o) = 22994*o - 1080714. Determine h(47).
4
Let h(r) = -173*r**2 - 1141*r + 1328. Determine h(1).
14
Let y(n) = -n**3 + 7*n**2 + 69*n + 14. Calculate y(-5).
-31
Let w(n) = 2*n**2 + 801*n - 30512. Calculate w(35).
-27
Let g(s) = s**3 - 1529*s**2 - 1009440*s - 12158. Calculate g(2027).
4
Let f(k) = -k**3 - 38*k**2 + 356*k - 50. Calculate f(-46).
502
Let 